s the remainder when 413 is divided by 4?
1
What is the remainder when 958 is divided by 136?
6
Calculate the remainder when 88 is divided by 36.
16
What is the remainder when 662 is divided by 17?
16
What is the remainder when 40 is divided by 20?
0
What is the remainder when 1649 is divided by 818?
13
Calculate the remainder when 4807 is divided by 83.
76
What is the remainder when 443 is divided by 117?
92
What is the remainder when 1196 is divided by 50?
46
Calculate the remainder when 81 is divided by 17.
13
Calculate the remainder when 372 is divided by 32.
20
What is the remainder when 22 is divided by 7?
1
What is the remainder when 573 is divided by 243?
87
What is the remainder when 2988 is divided by 200?
188
Calculate the remainder when 207 is divided by 28.
11
What is the remainder when 752 is divided by 26?
24
Calculate the remainder when 66 is divided by 35.
31
Calculate the remainder when 945 is divided by 239.
228
Calculate the remainder when 731 is divided by 74.
65
Calculate the remainder when 73 is divided by 33.
7
What is the remainder when 35 is divided by 18?
17
Calculate the remainder when 1364 is divided by 137.
131
Calculate the remainder when 140 is divided by 11.
8
Calculate the remainder when 16 is divided by 10.
6
What is the remainder when 655 is divided by 30?
25
What is the remainder when 79 is divided by 16?
15
Calculate the remainder when 162 is divided by 49.
15
What is the remainder when 307 is divided by 39?
34
Calculate the remainder when 233 is divided by 192.
41
What is the remainder when 104 is divided by 7?
6
Calculate the remainder when 219 is divided by 6.
3
What is the remainder when 21836 is divided by 13?
9
Calculate the remainder when 930 is divided by 11.
6
What is the remainder when 337 is divided by 118?
101
What is the remainder when 116 is divided by 113?
3
What is the remainder when 86 is divided by 18?
14
What is the remainder when 11 is divided by 7?
4
What is the remainder when 56 is divided by 39?
17
Calculate the remainder when 48 is divided by 15.
3
What is the remainder when 1692 is divided by 29?
10
Calculate the remainder when 210 is divided by 31.
24
Calculate the remainder when 1441 is divided by 713.
15
Calculate the remainder when 373 is divided by 144.
85
What is the remainder when 1155 is divided by 145?
140
What is the remainder when 690 is divided by 24?
18
Calculate the remainder when 104 is divided by 36.
32
What is the remainder when 4468 is divided by 893?
3
What is the remainder when 249 is divided by 12?
9
What is the remainder when 892 is divided by 415?
62
What is the remainder when 233 is divided by 78?
77
Calculate the remainder when 505 is divided by 3.
1
Calculate the remainder when 871 is divided by 25.
21
What is the remainder when 225 is divided by 33?
27
What is the remainder when 311 is divided by 69?
35
What is the remainder when 279 is divided by 40?
39
What is the remainder when 128 is divided by 17?
9
Calculate the remainder when 159 is divided by 77.
5
What is the remainder when 754 is divided by 54?
52
What is the remainder when 346 is divided by 82?
18
Calculate the remainder when 1529 is divided by 34.
33
Calculate the remainder when 1344 is divided by 264.
24
What is the remainder when 650 is divided by 129?
5
What is the remainder when 1748 is divided by 79?
10
What is the remainder when 376 is divided by 79?
60
Calculate the remainder when 534 is divided by 269.
265
What is the remainder when 1729 is divided by 9?
1
What is the remainder when 79 is divided by 60?
19
What is the remainder when 70 is divided by 62?
8
What is the remainder when 652 is divided by 82?
78
What is the remainder when 679 is divided by 117?
94
What is the remainder when 38 is divided by 23?
15
What is the remainder when 95 is divided by 12?
11
Calculate the remainder when 397 is divided by 142.
113
What is the remainder when 1116 is divided by 59?
54
Calculate the remainder when 282 is divided by 40.
2
What is the remainder when 982 is divided by 82?
80
Calculate the remainder when 1151 is divided by 317.
200
Calculate the remainder when 13 is divided by 4.
1
What is the remainder when 548 is divided by 11?
9
What is the remainder when 188 is divided by 36?
8
What is the remainder when 91 is divided by 9?
1
Calculate the remainder when 360 is divided by 134.
92
Calculate the remainder when 1745 is divided by 35.
30
What is the remainder when 5485 is divided by 56?
53
What is the remainder when 22 is divided by 9?
4
Calculate the remainder when 380 is divided by 16.
12
Calculate the remainder when 60 is divided by 36.
24
What is the remainder when 61878 is divided by 14?
12
What is the remainder when 87 is divided by 48?
39
What is the remainder when 644 is divided by 103?
26
Calculate the remainder when 344 is divided by 51.
38
Calculate the remainder when 925 is divided by 308.
1
What is the remainder when 187 is divided by 13?
5
What is the remainder when 3081 is divided by 69?
45
What is the remainder when 1326 is divided by 16?
14
What is the remainder when 1709 is divided by 101?
93
What is the remainder when 1274 is divided by 6?
2
Calculate the remainder when 366 is divided by 24.
6
Calculate the remainder when 658 is divided by 164.
2
What is the remainder when 20 is divided by 12?
8
What is the remainder when 1371 is divided by 153?
147
Calculate the remainder when 306 is divided by 22.
20
What is the remainder when 77 is divided by 16?
13
Calculate the remainder when 1716 is divided by 10.
6
What is the remainder when 1736 is divided by 117?
98
Calculate the remainder when 1944 is divided by 7.
5
Calculate the remainder when 113 is divided by 23.
21
What is the remainder when 427 is divided by 134?
25
What is the remainder when 181 is divided by 54?
19
Calculate the remainder when 12492 is divided by 85.
82
Calculate the remainder when 2177 is divided by 168.
161
What is the remainder when 10352 is divided by 95?
92
Calculate the remainder when 428 is divided by 10.
8
What is the remainder when 57691 is divided by 7?
4
What is the remainder when 413 is divided by 38?
33
Calculate the remainder when 2328 is divided by 775.
3
Calculate the remainder when 340 is divided by 7.
4
Calculate the remainder when 7276 is divided by 14.
10
What is the remainder when 172 is divided by 55?
7
What is the remainder when 179 is divided by 38?
27
What is the remainder when 343 is divided by 164?
15
What is the remainder when 1431 is divided by 78?
27
Calculate the remainder when 12 is divided by 7.
5
What is the remainder when 64 is divided by 19?
7
Calculate the remainder when 203 is divided by 15.
8
Calculate the remainder when 256 is divided by 43.
41
Calculate the remainder when 104 is divided by 17.
2
Calculate the remainder when 45 is divided by 8.
5
Calculate the remainder when 35 is divided by 28.
7
What is the remainder when 1122 is divided by 12?
6
Calculate the remainder when 454 is divided by 17.
12
What is the remainder when 230 is divided by 66?
32
Calculate the remainder when 741 is divided by 363.
15
Calculate the remainder when 477 is divided by 60.
57
Calculate the remainder when 245 is divided by 80.
5
What is the remainder when 4943 is divided by 48?
47
What is the remainder when 276 is divided by 14?
10
Calculate the remainder when 139 is divided by 14.
13
What is the remainder when 185 is divided by 31?
30
Calculate the remainder when 332 is divided by 151.
30
Calculate the remainder when 723 is divided by 362.
361
What is the remainder when 86 is divided by 11?
9
Calculate the remainder when 1411 is divided by 44.
3
What is the remainder when 39 is divided by 10?
9
Calculate the remainder when 437 is divided by 56.
45
What is the remainder when 227 is divided by 78?
71
What is the remainder when 4535 is divided by 89?
85
What is the remainder when 1110 is divided by 235?
170
Calculate the remainder when 8141 is divided by 28.
21
What is the remainder when 2441 is divided by 276?
233
Calculate the remainder when 1446 is divided by 9.
6
What is the remainder when 172 is divided by 35?
32
Calculate the remainder when 5688 is divided by 38.
26
What is the remainder when 743 is divided by 99?
50
Calculate the remainder when 454 is divided by 79.
59
What i